False
Suppose 5*v = 7*v - 4. Suppose 0 = -2*z - 3*x + 2, -4*x - 9 = -5*z + 19. Suppose -3*g - z*a = -1421, -43 = v*g + 4*a - 997. Is g a composite number?
False
Let u = -16 - -18. Let y(n) = -1 + 2 - u + 9*n - 7. Is y(6) a prime number?
False
Let z be 2/(-4) - (-10)/4. Let g be 2125 - 6/z - 1. Let u = g - 1214. Is u a composite number?
False
Let g(b) be the second derivative of -8*b**3 + 239*b**2/2 - b - 85. Is g(-23) composite?
True
Let c(n) = n**3 + 2*n**2 - 1. Let y be c(-1). Suppose -i + y = -0. Suppose 2*a - 3154 = 3*m - m, 2*a + m - 3160 = i. Is a a prime number?
True
Let g(h) = -73*h**3 + h**2 + 3*h + 2. Let i be g(-2). Let p = -395 + i. Is p + -7*(38/14 - 3) prime?
True
Let j(u) be the second derivative of -3*u**5/10 + u**4/6 + u**3/6 + 2*u**2 + 2*u + 10. Is j(-5) a prime number?
False
Let w = -95 + 20. Let j = -75 - w. Suppose -k - 2*k + 5*g + 749 = j, -5*k + 2*g = -1261. Is k prime?
False
Let b = 1 - 9. Let v be (-342)/((-4)/b*3). Let g = 451 + v. Is g a composite number?
False
Suppose -4 = 6*k - 22. Suppose -33 = -4*r - 21, k*n - 20424 = -3*r. Is n a prime number?
False
Let i = -449003 + 707766. Is i a prime number?
True
Let u(n) = 1427*n**2 - 4*n + 3. Suppose 7*v = -3*v + 20. Is u(v) prime?
False
Let q(m) = 186*m - 43. Let v(d) = 7*d**2 + 6*d - 1. Let h be v(-2). Is q(h) a prime number?
False
Let y = 509925 + -268504. Is y a prime number?
True
Suppose 13*g = 24*g - 947540. Suppose 23*v = 21063 + g. Is v prime?
False
Let a(i) = i**2 - 11*i - 35. Let l be a(18). Suppose -96*p = -l*p - 17445. Is p prime?
False
Let u(j) = j - 11. Let t be u(-14). Is t + 8468 - (0 - 0) a composite number?
False
Let j(k) = -k**2 + 13*k + 35. Let d be j(15). Suppose 4*t = -4*a + 1664, -d*a = t - 2*t - 2086. Is a a composite number?
True
Let i be 3 + (1 - 7) + 8. Suppose -5*z - i*z = -65930. Is z composite?
True
Let s(j) be the third derivative of 13*j**5/10 - j**4/3 + j**3/2 + 14*j**2. Is s(3) composite?
True
Suppose -6*c + 12 = -18. Suppose 0 = 41*g - 45*g. Suppose -z - 5*y + 408 = g, 0*z = -c*z - 4*y + 2061. Is z prime?
False
Suppose q = -1, 3*q + 7 = -z - q. Let c(x) = -32*x**3 + 2*x**2 + 6*x + 8. Let i(d) = -d**3 - d + 1. Let f(j) = z*i(j) + c(j). Is f(-3) a prime number?
False
Is (-473922)/12*26/(-39) prime?
False
Is ((-5)/4)/(16933750/1058360 + -16)*1 a composite number?
True
Let i(o) = -3*o + 1581. Let n be i(0). Is (-3 - -1) + 4 + n composite?
False
Let i(p) = 4*p**2 + 18*p - 5. Let b(l) = -10*l - 83. Let a be b(-7). Is i(a) a composite number?
True
Suppose m - 161217 = -5*t, -2*m - 2*t + 4*t + 322446 = 0. Is m prime?
False
Is 1*(1638208/16 - -9) composite?
False
Suppose -5*o = -5*d + 2120735, 54*o - 55*o + 2120687 = 5*d. Is d composite?
False
Let d(a) = a**3 - 2*a**2 - 10*a + 7. Let s be (-1176)/(-32) + 3/12. Suppose -s*p - 30 = -42*p. Is d(p) prime?
False
Let x(o) = 12640*o + 10. Let b be x(-2). Let q = -17541 - b. Is q composite?
True
Let x(q) = -11*q**2 + 6*q + 6. Let g(f) = -32*f**2 + 19*f + 17. Suppose -2*b + 7*b + 20 = 0. Let o(n) = b*g(n) + 11*x(n). Is o(7) composite?
False
Let q(o) = -12625*o - 9366. Is q(-23) prime?
False
Let w(b) = b**2 - 18*b + 21. Let o be w(17). Is (3760 - (-4)/(-16)*o) + 2 a composite number?
False
Let q(h) = 120*h**2 - 39*h - 569. Is q(-42) prime?
False
Is 1 - -8*(49 - 44)*(-64218)/(-40) a prime number?
False
Is (-1)/((-9)/18) + 2 + 1020589 prime?
False
Suppose 25 = -o + 6*o. Suppose -16241 = -5*k - 2*n, -o*k - 7*n = -8*n - 16232. Is k prime?
False
Suppose 16*j + 1071607 = -44*j + 113*j. Is j a composite number?
False
Is (-266)/(-95)*5 + 136929 prime?
True
Let u = 287 + -275. Suppose 163492 + 10016 = u*a. Is a a composite number?
True
Suppose 10*a = 5*a - 10. Is a/2 - (-483 - (5 + -2)) a composite number?
True
Let w(b) = 2*b**2 - 14*b - 1. Suppose -25 = y - 2*c, 0 = c - 5*c. Let n = -35 - y. Is w(n) a composite number?
True
Let s be (-1042)/(112/104 + -1). Let y = -317 - s. Is y a prime number?
True
Let r(x) = 23*x**2 - 5*x + 4. Let q(t) = 2*t + 29. Let k be q(8). Suppose 6*b + 3*b - k = 0. Is r(b) composite?
True
Let k(o) = o**3 + 5*o**2. Let y be k(-5). Suppose -2*v + y*u = 3*u - 5827, v + 2*u - 2911 = 0. Is v a composite number?
True
Suppose 5*o - b - 84581 = 78070, 4*b - 97609 = -3*o. Is o composite?
False
Let k = 46 + -46. Suppose -3*r + 2*y = -2, k = 4*r + 2*y - 3*y - 1. Suppose r = d - 6*d + 1915. Is d a prime number?
True
Let x = -5023 - -11154. Is x a composite number?
False
Suppose -73*k + 993554 = -2378973. Is k a composite number?
False
Let u = 119150 - 54753. Is u composite?
True
Let y(v) = 58*v**2 + 14*v - 505. Is y(56) composite?
False
Let a be (-2)/(-1)*1475/118. Suppose -a*k + 20*k = -5770. Is k a prime number?
False
Suppose -2*f - 18732 = 2*v - 162232, -15*v + 215358 = 3*f. Is f a prime number?
True
Is (4398/8)/((-57)/(-4199)) - (-3)/4 a composite number?
False
Suppose 306525 = -51*s + 682060 + 2563952. Is s a prime number?
True
Let z(n) = 23*n - 47. Let b be z(-16). Let i = b - -794. Is i a prime number?
True
Let d(j) = -3*j**3 + j**2 + 4*j - 6. Let r(b) = b + 3. Let q be r(0). Let h be d(q). Is (-2)/11 + (-10374)/h prime?
True
Let v(i) = -712*i + 701. Is v(-21) a prime number?
False
Suppose 4*h + 3 = 5*w - 0*w, 0 = -3*h + w - 5. Let y = 211 - 226. Is 3/(y/h) - (-71316)/60 a composite number?
True
Let v(m) = -14*m - 15 + 11*m + 7*m + m**2. Let t be v(5). Suppose 601 + t = g. Is g a prime number?
True
Let r = 2112 - 6280. Is (r/6)/(4 - 14/3) a composite number?
True
Suppose -j = -230 + 47. Suppose -1802 = -m + j. Is m prime?
False
Suppose 99*k - 5906870 = 5958553 - 1221042. Is k a composite number?
True
Suppose 3*m + 3*o = 0, m + 3 = -2*o + 4*o. Let z be m + 3 - (4 + -8 - -3). Suppose 0 = -3*k - 2*k - 3*n + 3389, z*k - 2047 = 5*n. Is k a composite number?
True
Suppose -116019 - 32192 = -7*r. Suppose 6*d = 19495 + r. Is d prime?
False
Suppose 18536 + 2140 = 3*t. Let k = 12189 - t. Is k a composite number?
False
Suppose 0*w + 4*w + 3*u = 92820, -2*w + 46404 = 3*u. Let m = w - 12593. Suppose -m = -7*a + 2*a. Is a composite?
True
Is (-25477616)/(-160) + (-1)/10 composite?
True
Let w = -26008 + 49373. Suppose -6916 = 3*p - w. Is p composite?
False
Suppose 10*b = -2*b + 36. Suppose b*z - 5*z = -3*q - 12347, 3*z - 18533 = 2*q. Is z a prime number?
False
Let x(u) = 2*u**3 + 2*u**2 + 3*u. Let k be x(-2). Let v be (-4)/k + (-95)/(-35). Suppose 2*l - 8416 = -3*n - v*l, -3*l - 5617 = -2*n. Is n a composite number?
True
Suppose 10*q - 15310 + 3420 = 0. Is q prime?
False
Let i = 31 + -19. Suppose -3 = -3*a - i. Is (-3)/(-9) - ((-5918)/a)/(-1) a composite number?
False
Let d = -213 - -218. Suppose -51259 = -4*v + 2*m - 5*m, -5*m + 64070 = d*v. Is v a prime number?
False
Suppose 1123 = -5*n + 5*g + 3043, -4*g + 774 = 2*n. Let q = -255 + n. Suppose 4*k - q = -6*k. Is k prime?
True
Let s be -6 - (-114)/21 - (-96)/21. Let d = -2594 + 1222. Is (s - 5) + d/(-1) a composite number?
True
Let t(p) = -2*p**3 + 13*p**2 - 4*p + 11. Let v be t(-8). Suppose -z = -2284 - v. Is z composite?
True
Let f(c) be the second derivative of -29*c + 0 - 9/2*c**2 + 314/3*c**3. Is f(4) a prime number?
True
Let k be 0 + 0 + (6 - 3). Suppose -k*u + 25 = -5*o, 4*o + 4 = 2*o. Suppose -i = u*i - 12. Is i prime?
True
Let h(b) = 4558*b**2 - 12*b - 13. Let z(v) = 4559*v**2 - 11*v - 11. Let l(i) = -6*h(i) + 7*z(i). Is l(1) composite?
False
Let c be (-5 - 10)*4382/6. Let j = -3606 - c. Is j composite?
False
Let f be 4 + -2 - (-4 - 2671 - 3). Let r = 793 + f. Is r a prime number?
False
Let q(t) = t**2 - t + 3. Let v = 15 - 38. Let o = 13 + v. Is q(o) a composite number?
False
Let b(q) = 6*q - 3. Let g be b(4). Let j be 0 - (-36)/g - 12/(-42). Suppose j*s = -2*k + 3*s + 1967, 0 = -5*k - 2*s + 4931. Is k a prime number?
False
Is (-16469102)/169*13/(-2) a composite number?
False
Let a(n) = 128*n - 186 - 206 + 321 + 81*n. Is a(12) a composite number?
False
Suppose 1829 = 4*i - 4547. Let r = i + -297. Let u = -198 + r. Is u prime?
False
Is (22/((-374)/(-51)))/((-2)/(-195626)) a composite number?
True
Let p(v) = 1088*v**2 + 223*v - 8. Is p(-7) a composite number?
True
Let m(t) = t**3 - 6*t**2 + 2*t - 8. Let b be m(6). Let j be (2/b)/(18/396). Let q(p) = 32*p + 25. Is q(j) a composite number?
True
Let n(q) = q**3 + 8*q**2 - 9*q + 5. Let g = -23 + 14. L